{"id":47,"date":"2006-09-13T14:31:25","date_gmt":"2006-09-13T21:31:25","guid":{"rendered":"http:\/\/dev.wpcoder.com\/dan\/wordpress\/?page_id=2"},"modified":"2024-09-02T20:28:07","modified_gmt":"2024-09-03T03:28:07","slug":"about","status":"publish","type":"page","link":"https:\/\/www.vuosiamaailmalla.fi\/blog\/about\/","title":{"rendered":"Blogista ja kirjoittajasta"},"content":{"rendered":"<p style=\"text-align: justify;\">Tervehdys,<\/p>\n<p style=\"text-align: justify;\">Nimeni on Klaus, nelikymppinen IT-alalla ty\u00f6skentelev\u00e4 ja <a title=\"Ortodoksiset talvih\u00e4\u00e4mme\" href=\"https:\/\/www.vuosiamaailmalla.fi\/blog\/2009\/ortodoksiset-talvihaamme\/\">naimisissa<\/a> oleva <a title=\"Uunituoreet Kanadan kansalaiset\" href=\"https:\/\/www.vuosiamaailmalla.fi\/blog\/2019\/uunituoreet-kanadan-kansalaiset\/\">kanadansuomalainen<\/a>, jonka <a title=\"15 vuotta bloggausta\" href=\"https:\/\/www.vuosiamaailmalla.fi\/blog\/2021\/15-vuotta-bloggausta\/\">blogia<\/a> nyt luet. Asumme vaimoni Niinan sek\u00e4 tytt\u00e4riemme <a title=\"Uuden el\u00e4m\u00e4n alku\" href=\"https:\/\/www.vuosiamaailmalla.fi\/blog\/2021\/uuden-elaman-alku\/\">Fionan<\/a> ja <a title=\"Ikimuistoinen perheenlis\u00e4ys\" href=\"https:\/\/www.vuosiamaailmalla.fi\/blog\/2024\/ikimuistoinen-perheenlisays\/\">Livian<\/a> kanssa kolmattatoista vuotta L\u00e4nsi-Kanadan <a href=\"https:\/\/www.vuosiamaailmalla.fi\/?tag=vancouver\">Vancouverissa<\/a>, jonne muutimme viiden ja puolen vuoden <a href=\"https:\/\/www.vuosiamaailmalla.fi\/?tag=saksa\">Saksassa<\/a> asumisen j\u00e4lkeen. Saksan vuosista nelj\u00e4 ja puoli vuotta vier\u00e4hti p\u00e4\u00e4kaupunki <a href=\"https:\/\/www.vuosiamaailmalla.fi\/?tag=berliini\">Berliiniss\u00e4<\/a> ja vuosi L\u00e4nsi-Saksan <a href=\"https:\/\/www.vuosiamaailmalla.fi\/?tag=dortmund\">Dortmundissa<\/a>. Yhteens\u00e4 olemme asuneet ulkomailla jo <a title=\"18 vuotta maailmalla\" href=\"https:\/\/www.vuosiamaailmalla.fi\/blog\/2024\/18-vuotta-maailmalla\/\">yli 18 vuotta<\/a>.<\/p>\n<p style=\"text-align: justify;\">Kirjoitan t\u00e4ss\u00e4 blogissa sek\u00e4 <a href=\"https:\/\/www.vuosiamaailmalla.fi\/?tag=arki\">arjestamme<\/a> ett\u00e4 <a href=\"https:\/\/www.vuosiamaailmalla.fi\/?cat=7\">matkoistamme<\/a> pitkin maailmaa. Kirjoitan blogia puhekielell\u00e4 ja yrit\u00e4n olla kirjoituksissani mahdollisimman k\u00e4yt\u00e4nn\u00f6nl\u00e4heinen. Kirjoitan asioista ja aiheista jotka <a title=\"Blogin kirjoittamisen ty\u00f6skentelyprosessi\" href=\"https:\/\/www.vuosiamaailmalla.fi\/blog\/2015\/blogin-kirjoittamisen-tyoskentelyprosessi\/\">kiinnostaisivat itse\u00e4ni<\/a> lukijana, mutta kirjoituksillani on my\u00f6s pyrkimys innostaa lukijoitaan el\u00e4m\u00e4st\u00e4 ulkomailla sek\u00e4 matkustelusta maailmalla. Blogini\u00a0 yritt\u00e4\u00e4 kertoa ulkomaiden asioista kiinnostavasti ja yksityiskohtaisesti, liitt\u00e4en varsinkin <a href=\"https:\/\/www.vuosiamaailmalla.fi\/?tag=kanada\">Kanadan<\/a> ja Saksan asioihin runsaasti my\u00f6s <a title=\"Vancouverin p\u00f6lh\u00f6t p\u00e4\u00e4tt\u00e4j\u00e4t\" href=\"https:\/\/www.vuosiamaailmalla.fi\/blog\/2021\/vancouverin-polhot-paattajat\/\">paikallisn\u00e4kemyst\u00e4<\/a>. Blogin kieleksi olen valinnut tarkoituksella suomen, sill\u00e4 koen ettei vastaavanlaista kokonaisuutta n\u00e4ist\u00e4 maista ja kaupungeista ole tarjolla suomeksi.<\/p>\n<p style=\"text-align: justify;\">Blogini yksi teema on valokuvaus, josta olen innostunut oppimaan uutta. Blogini valokuvat ja videot ovat p\u00e4\u00e4s\u00e4\u00e4nt\u00f6isesti minun ottamia ja t\u00e4ten niiden kaikki oikeudet ovat minulla. Valokuvia saa linkitt\u00e4\u00e4 sellaisena kuin ne ovat, mutta arvostan silti suuresti alkuper\u00e4isl\u00e4hteen mainintaa. Valokuvien laatua on\u00a0 tarkoitus pit\u00e4\u00e4 korkeana <a href=\"https:\/\/www.vuosiamaailmalla.fi\/?m=200905\">toukokuun 2009<\/a> j\u00e4lkeisiss\u00e4 kirjoituksissa, sill\u00e4 ostin tuolloin itselleni ensimm\u00e4isen <a title=\"Kameralaitteisto: Canon EOS 500D (Rebel T1i)\" href=\"https:\/\/www.vuosiamaailmalla.fi\/blog\/2011\/kameralaitteisto-canon-500d-rebel-t1i\/\">digitaalisen j\u00e4rjestelm\u00e4kamerani<\/a>. Osa tuon j\u00e4lkeisist\u00e4kin kuvista on kuitenkin k\u00e4yt\u00e4nn\u00f6n syist\u00e4 <a title=\"Kameralaitteisto: Nokia 9 PureView\" href=\"https:\/\/www.vuosiamaailmalla.fi\/blog\/2020\/kameralaitteisto-nokia-9-pureview\/\">k\u00e4nnykk\u00e4kameralla<\/a> otettuja.<\/p>\n<p style=\"text-align: justify;\">Blogini on siirtynyt <a title=\"Blogi 3.0\" href=\"https:\/\/www.vuosiamaailmalla.fi\/blog\/2012\/blogi-3-0\/\">kes\u00e4ll\u00e4 2012<\/a> ilmaisesta blogipalvelusta omalle webpalvelimelleen ja saanut siin\u00e4 yhteydess\u00e4 ikioman domaininsa <strong>vuosiamaailmalla.fi<\/strong>. Sittemmin blogi on siirretty <a title=\"Blogin viides sukupolvi\" href=\"https:\/\/www.vuosiamaailmalla.fi\/blog\/2021\/blogin-viides-sukupolvi-5-0\/\">AWS-pilveen<\/a>. Tein n\u00e4m\u00e4 muutoksen, koska halusin vapaat k\u00e4det <a title=\"Blogin s\u00e4\u00e4t\u00f6\u00e4\" href=\"https:\/\/www.vuosiamaailmalla.fi\/blog\/2016\/blogin-saatoa\/\">s\u00e4\u00e4t\u00e4\u00e4 blogiani<\/a> ja kaikkea siihen liittyv\u00e4\u00e4. My\u00f6s monivuotinen hyv\u00e4 <a title=\"Pisteytys kirjoituksiin\" href=\"https:\/\/www.vuosiamaailmalla.fi\/blog\/2012\/pisteytys-kirjoituksiin\/\">palaute bloggaamisestani<\/a> vaikutti p\u00e4\u00e4t\u00f6kseeni ja haluan tehd\u00e4 blogistani mahdollisimman hyv\u00e4n ja kattavan. Blogini on t\u00e4ysin ilmainen lukea ja vapaa mainoksista, enk\u00e4 tee mink\u00e4\u00e4nlaisia sponsorointeja. Tulen lis\u00e4\u00e4m\u00e4\u00e4n blogiini ajan kuluessa my\u00f6s vanhempia kirjoituksia aiemmilta vuosilta ja uusia kirjoituksia blogiini ilmestyy s\u00e4\u00e4nn\u00f6llisen ep\u00e4s\u00e4\u00e4nn\u00f6llisesti, kuitenkin v\u00e4hint\u00e4\u00e4n pari kuukaudessa. T\u00e4ll\u00e4 hetkell\u00e4 kirjoituksia on luettavana yhteens\u00e4 1157 kappaletta.<\/p>\n<p style=\"text-align: justify;\">Otan eritt\u00e4in mielell\u00e4ni vastaan kysymyksi\u00e4 ja palautetta blogiin tai sen kirjoituksiin liittyen. Risuja ja ruusuja voit joko kommentoida suoraan blogikirjoitusten yhteyteen taikka l\u00e4hett\u00e4\u00e4 <a href=\"mailto:klaus@vuosiamaailmalla.fi\">s\u00e4hk\u00f6postilla<\/a>.<\/p>\n<p style=\"text-align: justify;\">Kiitos mielenkiinnostasi blogiani kohtaan!<\/p>\n<p style=\"text-align: right;\">Klaus Johansson<br \/>\n2. syyskuuta 2024<br \/>\n<a href=\"\/blog\/wp-content\/uploads\/general\/omakuva.jpg\"><img decoding=\"async\" style=\"border: 0px none; margin: 5px;\" src=\"\/blog\/wp-content\/uploads\/general\/thumbs\/thumbs_omakuva.jpg\" alt=\"\" align=\"right\" \/><\/a><\/p>\n","protected":false},"excerpt":{"rendered":"<p>Tervehdys, Nimeni on Klaus, nelikymppinen IT-alalla ty\u00f6skentelev\u00e4 ja naimisissa oleva kanadansuomalainen, jonka blogia nyt luet. Asumme vaimoni Niinan sek\u00e4 tytt\u00e4riemme Fionan ja Livian kanssa kolmattatoista vuotta L\u00e4nsi-Kanadan Vancouverissa, jonne muutimme viiden ja puolen vuoden Saksassa asumisen j\u00e4lkeen. Saksan vuosista nelj\u00e4 ja puoli vuotta vier\u00e4hti p\u00e4\u00e4kaupunki Berliiniss\u00e4 ja vuosi L\u00e4nsi-Saksan Dortmundissa. Yhteens\u00e4 olemme asuneet ulkomailla jo &hellip; <a href=\"https:\/\/www.vuosiamaailmalla.fi\/blog\/about\/\" class=\"more-link\">Jatka lukemista<span class=\"screen-reader-text\"> &#8221;Blogista ja kirjoittajasta&#8221;<\/span><\/a><\/p>\n","protected":false},"author":2,"featured_media":0,"parent":0,"menu_order":0,"comment_status":"open","ping_status":"open","template":"","meta":{"footnotes":""},"class_list":["post-47","page","type-page","status-publish","hentry"],"jetpack_sharing_enabled":true,"_links":{"self":[{"href":"https:\/\/www.vuosiamaailmalla.fi\/blog\/wp-json\/wp\/v2\/pages\/47","targetHints":{"allow":["GET"]}}],"collection":[{"href":"https:\/\/www.vuosiamaailmalla.fi\/blog\/wp-json\/wp\/v2\/pages"}],"about":[{"href":"https:\/\/www.vuosiamaailmalla.fi\/blog\/wp-json\/wp\/v2\/types\/page"}],"author":[{"embeddable":true,"href":"https:\/\/www.vuosiamaailmalla.fi\/blog\/wp-json\/wp\/v2\/users\/2"}],"replies":[{"embeddable":true,"href":"https:\/\/www.vuosiamaailmalla.fi\/blog\/wp-json\/wp\/v2\/comments?post=47"}],"version-history":[{"count":3,"href":"https:\/\/www.vuosiamaailmalla.fi\/blog\/wp-json\/wp\/v2\/pages\/47\/revisions"}],"predecessor-version":[{"id":13757,"href":"https:\/\/www.vuosiamaailmalla.fi\/blog\/wp-json\/wp\/v2\/pages\/47\/revisions\/13757"}],"wp:attachment":[{"href":"https:\/\/www.vuosiamaailmalla.fi\/blog\/wp-json\/wp\/v2\/media?parent=47"}],"curies":[{"name":"wp","href":"https:\/\/api.w.org\/{rel}","templated":true}]}}

<p style="text-align: justify;">Tervehdys,</p>
<p style="text-align: justify;">Nimeni on Klaus, nelikymppinen IT-alalla työskentelevä ja <a title="Ortodoksiset talvihäämme" href="https://www.vuosiamaailmalla.fi/blog/2009/ortodoksiset-talvihaamme/">naimisissa</a> oleva <a title="Uunituoreet Kanadan kansalaiset" href="https://www.vuosiamaailmalla.fi/blog/2019/uunituoreet-kanadan-kansalaiset/">kanadansuomalainen</a>, jonka <a title="15 vuotta bloggausta" href="https://www.vuosiamaailmalla.fi/blog/2021/15-vuotta-bloggausta/">blogia</a> nyt luet. Asumme vaimoni Niinan sekä tyttäriemme <a title="Uuden elämän alku" href="https://www.vuosiamaailmalla.fi/blog/2021/uuden-elaman-alku/">Fionan</a> ja <a title="Ikimuistoinen perheenlisäys" href="https://www.vuosiamaailmalla.fi/blog/2024/ikimuistoinen-perheenlisays/">Livian</a> kanssa kolmattatoista vuotta Länsi-Kanadan <a href="https://www.vuosiamaailmalla.fi/?tag=vancouver">Vancouverissa</a>, jonne muutimme viiden ja puolen vuoden <a href="https://www.vuosiamaailmalla.fi/?tag=saksa">Saksassa</a> asumisen jälkeen. Saksan vuosista neljä ja puoli vuotta vierähti pääkaupunki <a href="https://www.vuosiamaailmalla.fi/?tag=berliini">Berliinissä</a> ja vuosi Länsi-Saksan <a href="https://www.vuosiamaailmalla.fi/?tag=dortmund">Dortmundissa</a>. Yhteensä olemme asuneet ulkomailla jo <a title="18 vuotta maailmalla" href="https://www.vuosiamaailmalla.fi/blog/2024/18-vuotta-maailmalla/">yli 18 vuotta</a>.</p>
<p style="text-align: justify;">Kirjoitan tässä blogissa sekä <a href="https://www.vuosiamaailmalla.fi/?tag=arki">arjestamme</a> että <a href="https://www.vuosiamaailmalla.fi/?cat=7">matkoistamme</a> pitkin maailmaa. Kirjoitan blogia puhekielellä ja yritän olla kirjoituksissani mahdollisimman käytännönläheinen. Kirjoitan asioista ja aiheista jotka <a title="Blogin kirjoittamisen työskentelyprosessi" href="https://www.vuosiamaailmalla.fi/blog/2015/blogin-kirjoittamisen-tyoskentelyprosessi/">kiinnostaisivat itseäni</a> lukijana, mutta kirjoituksillani on myös pyrkimys innostaa lukijoitaan elämästä ulkomailla sekä matkustelusta maailmalla. Blogini  yrittää kertoa ulkomaiden asioista kiinnostavasti ja yksityiskohtaisesti, liittäen varsinkin <a href="https://www.vuosiamaailmalla.fi/?tag=kanada">Kanadan</a> ja Saksan asioihin runsaasti myös <a title="Vancouverin pölhöt päättäjät" href="https://www.vuosiamaailmalla.fi/blog/2021/vancouverin-polhot-paattajat/">paikallisnäkemystä</a>. Blogin kieleksi olen valinnut tarkoituksella suomen, sillä koen ettei vastaavanlaista kokonaisuutta näistä maista ja kaupungeista ole tarjolla suomeksi.</p>
<p style="text-align: justify;">Blogini yksi teema on valokuvaus, josta olen innostunut oppimaan uutta. Blogini valokuvat ja videot ovat pääsääntöisesti minun ottamia ja täten niiden kaikki oikeudet ovat minulla. Valokuvia saa linkittää sellaisena kuin ne ovat, mutta arvostan silti suuresti alkuperäislähteen mainintaa. Valokuvien laatua on  tarkoitus pitää korkeana <a href="https://www.vuosiamaailmalla.fi/?m=200905">toukokuun 2009</a> jälkeisissä kirjoituksissa, sillä ostin tuolloin itselleni ensimmäisen <a title="Kameralaitteisto: Canon EOS 500D (Rebel T1i)" href="https://www.vuosiamaailmalla.fi/blog/2011/kameralaitteisto-canon-500d-rebel-t1i/">digitaalisen järjestelmäkamerani</a>. Osa tuon jälkeisistäkin kuvista on kuitenkin käytännön syistä <a title="Kameralaitteisto: Nokia 9 PureView" href="https://www.vuosiamaailmalla.fi/blog/2020/kameralaitteisto-nokia-9-pureview/">kännykkäkameralla</a> otettuja.</p>
<p style="text-align: justify;">Blogini on siirtynyt <a title="Blogi 3.0" href="https://www.vuosiamaailmalla.fi/blog/2012/blogi-3-0/">kesällä 2012</a> ilmaisesta blogipalvelusta omalle webpalvelimelleen ja saanut siinä yhteydessä ikioman domaininsa <strong>vuosiamaailmalla.fi</strong>. Sittemmin blogi on siirretty <a title="Blogin viides sukupolvi" href="https://www.vuosiamaailmalla.fi/blog/2021/blogin-viides-sukupolvi-5-0/">AWS-pilveen</a>. Tein nämä muutoksen, koska halusin vapaat kädet <a title="Blogin säätöä" href="https://www.vuosiamaailmalla.fi/blog/2016/blogin-saatoa/">säätää blogiani</a> ja kaikkea siihen liittyvää. Myös monivuotinen hyvä <a title="Pisteytys kirjoituksiin" href="https://www.vuosiamaailmalla.fi/blog/2012/pisteytys-kirjoituksiin/">palaute bloggaamisestani</a> vaikutti päätökseeni ja haluan tehdä blogistani mahdollisimman hyvän ja kattavan. Blogini on täysin ilmainen lukea ja vapaa mainoksista, enkä tee minkäänlaisia sponsorointeja. Tulen lisäämään blogiini ajan kuluessa myös vanhempia kirjoituksia aiemmilta vuosilta ja uusia kirjoituksia blogiini ilmestyy säännöllisen epäsäännöllisesti, kuitenkin vähintään pari kuukaudessa. Tällä hetkellä kirjoituksia on luettavana yhteensä 1157 kappaletta.</p>
<p style="text-align: justify;">Otan erittäin mielelläni vastaan kysymyksiä ja palautetta blogiin tai sen kirjoituksiin liittyen. Risuja ja ruusuja voit joko kommentoida suoraan blogikirjoitusten yhteyteen taikka lähettää <a href="mailto:klaus@vuosiamaailmalla.fi">sähköpostilla</a>.</p>
<p style="text-align: justify;">Kiitos mielenkiinnostasi blogiani kohtaan!</p>
<p style="text-align: right;">Klaus Johansson<br />
2. syyskuuta 2024<br />
<a href="/blog/wp-content/uploads/general/omakuva.jpg"><img decoding="async" style="border: 0px none; margin: 5px;" src="/blog/wp-content/uploads/general/thumbs/thumbs_omakuva.jpg" alt="" align="right" /></a></p>

<p>Tervehdys, Nimeni on Klaus, nelikymppinen IT-alalla työskentelevä ja naimisissa oleva kanadansuomalainen, jonka blogia nyt luet. Asumme vaimoni Niinan sekä tyttäriemme Fionan ja Livian kanssa kolmattatoista vuotta Länsi-Kanadan Vancouverissa, jonne muutimme viiden ja puolen vuoden Saksassa asumisen jälkeen. Saksan vuosista neljä ja puoli vuotta vierähti pääkaupunki Berliinissä ja vuosi Länsi-Saksan Dortmundissa. Yhteensä olemme asuneet ulkomailla jo &hellip; <a href="https://www.vuosiamaailmalla.fi/blog/about/" class="more-link">Jatka lukemista<span class="screen-reader-text"> &#8221;Blogista ja kirjoittajasta&#8221;</span></a></p>
